**3 + 12*o**2 + 49*o - 28. What is h(15)?
32
Let c(v) = -v**3 + 9*v**2 + 8*v + 3. Calculate c(10).
-17
Let l(k) = 17*k**3 - 3*k**2 + k. What is l(1)?
15
Let h(l) = -3*l + 2. Calculate h(-2).
8
Let o(i) = -51*i + 247. Calculate o(5).
-8
Let f(r) = -r**3 - 11*r**2 - 32*r - 18. Calculate f(-7).
10
Let u(h) = -h**2 - 19*h - 18. Determine u(-13).
60
Let q(b) = 43*b**2 + 47*b. Calculate q(-1).
-4
Let d(c) = 5*c**3 - c - 1. Give d(2).
37
Let o(p) = p**2 + 2*p - 13. Determine o(-9).
50
Let z(b) = 6*b + 66. What is z(-11)?
0
Let x(w) = w**3 + 10*w**2 + 13*w + 6. Calculate x(-9).
-30
Let x(s) = -36*s + 216. What is x(6)?
0
Let c(t) = -3*t**2 - 67*t - 17. Determine c(-22).
5
Let f(m) = -m - 3. Calculate f(3).
-6
Let m(g) = -40*g**3 - 2*g**2 + g. Determine m(1).
-41
Let n(b) = -4*b + 13. Calculate n(-1).
17
Let k(w) = -3*w - 9. Calculate k(-4).
3
Let s(n) = -n**3 + 20*n**2 - 19*n + 30. Determine s(19).
30
Let h(y) = -y**3 + 6*y**2 + 9*y - 2. Give h(6).
52
Let o(v) = -v**2 + 3*v + 5. Calculate o(-5).
-35
Let v(p) = 3*p - 6. Give v(4).
6
Let m(a) = 3*a**3 - 3*a**2 - 16*a - 2. Determine m(-2).
-6
Let z(u) = -15*u - 46. Give z(-7).
59
Let j(n) = 6*n - 20. Determine j(7).
22
Let i(n) = n**3 + 5*n**2 + 2*n. What is i(-5)?
-10
Let a(x) = 206*x + 203. What is a(-1)?
-3
Let g(v) = -v**3 + 3*v**2 + 2*v - 1. Give g(3).
5
Let a(l) = -5*l**2 - 2*l + 3. Calculate a(1).
-4
Let i(w) = -4*w**3 - 86*w**2 + 42*w - 51. What is i(-22)?
-7
Let x(q) = -q**3 + 3*q**2 - 2*q - 1. Give x(2).
-1
Let m(k) = k**3 - 4*k**2 - 5*k - 3. Determine m(-3).
-51
Let g(b) = 2*b**2 - 48*b - 22. Determine g(20).
-182
Let z(j) = -j**2 - 3*j + 2. What is z(-5)?
-8
Let u(g) = -g**2 + 9*g + 1. What is u(8)?
9
Let h(p) = -3*p**3 - 2*p**2 - p + 1. What is h(1)?
-5
Let w(b) = b**3 - 11*b**2 + 11*b + 9. Give w(6).
-105
Let y(g) = g**3 + 11*g**2 - 7*g + 57. Determine y(-12).
-3
Let l(j) = -6*j**2. Determine l(-1).
-6
Let k(u) = -5*u - 9. What is k(9)?
-54
Let f(j) = j**3 + 7*j**2 + 5*j - 6. Give f(-6).
0
Let u(t) = t**3 + 17*t**2 + 15*t - 15. Calculate u(-16).
1
Let p(u) = -u**2 + 7*u + 2. What is p(6)?
8
Let y(p) = p + 1. Determine y(-4).
-3
Let y(i) = -i**3 + 28*i**2 - 49*i - 75. Calculate y(26).
3
Let b(d) = -d**2 - d + 38. What is b(-7)?
-4
Let z(u) = -u - 26. What is z(-14)?
-12
Let k(b) = -78*b**2 - b - 2. Determine k(-1).
-79
Let t(p) = -3*p - 1. Calculate t(-19).
56
Let i(z) = -8*z - 2. Determine i(-3).
22
Let r(q) = -4*q**3 - 3*q**2 - 4*q - 3. Calculate r(-2).
25
Let h(l) = -l**3 - 6*l**2 - 5*l - 2. Give h(-4).
-14
Let t(j) = j - 4. Calculate t(7).
3
Let h(p) = 2*p**3 - 7*p**2 + 5*p - 1. What is h(4)?
35
Let d(y) = -2*y**3 + 33*y**2 - 137*y + 11. What is d(8)?
3
Let l(v) = -v**3 - 58*v**2 - 54*v + 169. Calculate l(-57).
-2
Let f(k) = -46*k**2 - 71*k + 2. Determine f(-2).
-40
Let k(q) = 23*q - 199. Calculate k(9).
8
Let u(z) = z**2 - z - 5. Determine u(5).
15
Let h(a) = -a**3 + a**2 + 4*a + 6. What is h(-4)?
70
Let o(m) = m**2 + 21*m - 15. Calculate o(-23).
31
Let y(w) = -w + 3. Give y(1).
2
Let t(i) = -2*i**2 + 12*i - 22. Calculate t(7).
-36
Let x(a) = -a**3 + 13*a**2 - 10*a - 30. Determine x(12).
-6
Let k(i) = 4*i - 5. Give k(0).
-5
Let x(m) = 7*m**2 + 4*m + 2. Calculate x(-2).
22
Let z(g) = -16*g + 34. Determine z(2).
2
Let g(r) = r**3 - 16*r**2 - 109*r + 87. Determine g(21).
3
Let u(v) = -v**2 - 83*v + 534. What is u(6)?
0
Let q(a) = a**2 - 11*a - 14. Give q(11).
-14
Let p(q) = -2*q**2 - 7*q. Calculate p(-6).
-30
Let o(a) = -2*a + 5. What is o(-1)?
7
Let s(c) = -3*c + 4. Calculate s(-3).
13
Let f(h) = 6*h**3 + 71*h**2 - 13*h - 12. What is f(-12)?
0
Let u(t) = t**3 - 9*t**2 + 11*t - 7. Determine u(7).
-28
Let m(d) = 6*d + 89. What is m(-10)?
29
Let g(k) = 3*k - 36. Calculate g(10).
-6
Let x(c) = c**2 + 6*c - 16. Determine x(5).
39
Let p(r) = -r**3 + 5*r**2 + 9*r - 43. Give p(5).
2
Let m(s) = -s**3 - 6*s**2 + 8*s - 3. Calculate m(-7).
-10
Let r(m) = -m**3 - 6*m**2 - 2*m - 7. Give r(-6).
5
Let h(d) = 3*d - 1. Give h(-1).
-4
Let h(i) = -7*i**2 + 3*i - 4. Calculate h(3).
-58
Let t(b) = -34*b + 50. Determine t(2).
-18
Let k(c) = -c**3 - 11*c**2 - 20*c + 4. Determine k(-7).
-52
Let o(w) = -10*w - 402. Give o(-39).
-12
Let d(j) = 3*j**2 - 128*j + 88. Give d(42).
4
Let d(g) = -g**3 - 8*g**2 - 17*g - 10. Give d(-6).
20
Let z(j) = j - 4. What is z(7)?
3
Let l(w) = w**3 - 15*w**2 - 33*w - 26. What is l(17)?
-9
Let p(y) = y**3 + 8*y**2 - 7*y + 9. Give p(-9).
-9
Let o(m) = m**3 + m**2 - 4*m + 4. What is o(-4)?
-28
Let t(b) = 2*b**2 + 10*b - 26. Determine t(3).
22
Let o(p) = -93*p + 1. Calculate o(1).
-92
Let r(n) = 3*n + 127. Determine r(-44).
-5
Let y(z) = z**3 - 8*z**2 + z - 8. Give y(8).
0
Let q(k) = 3*k + 20. Calculate q(-8).
-4
Let s(w) = -w**3 + 5*w**2 - 89*w + 571. Determine s(6).
1
Let t(h) = -h**3 - 10*h**2 - 10*h + 17. What is t(-9)?
26
Let g(w) = w**3 + 11*w**2 - 11*w + 10. Give g(-12).
-2
Let o(d) = 4*d + 13. What is o(-7)?
-15
Let a(t) = t**2 + t + 1. Give a(3).
13
Let j(l) = -11*l**3 - l**2 - l - 2. Calculate j(-2).
84
Let r(m) = m**2 + 15*m - 1. Calculate r(-15).
-1
Let p(m) = -m**3 + m - 30. What is p(0)?
-30
Let j(n) = -n**2 + 7*n - 17. Calculate j(4).
-5
Let c(s) = -s**2 + 5*s - 1. Give c(8).
-25
Let v(q) = -q**2 - q - 7. What is v(-7)?
-49
Let r(a) = -a**3 + 9*a**2 - 14*a - 2. Calculate r(6).
22
Let g(n) = 2*n**2 + 7*n + 9. Determine g(-6).
39
Let b(y) = -2*y. Calculate b(-2).
4
Let v(a) = -a**2 + a - 1. Give v(-2).
-7
Let r(x) = 9*x + 194. Give r(-20).
14
Let c(h) = 2*h**3 - 26*h**2 + 2*h - 19. Give c(13).
7
Let z(k) = -3*k. Determine z(0).
0
Let v(x) = -x**3 + 5*x**2 - 6*x + 5. Determine v(4).
-3
Let v(f) = f**2 - 14*f + 53. Calculate v(4).
13
Let a(l) = 43*l + 256. Determine a(-6).
-2
Let g(s) = -s**2 + 34*s - 90. What is g(33)?
-57
Let b(z) = 2*z**2 - 12*z + 14. What is b(4)?
-2
Let t(x) = x**2 - x - 7. Determine t(-7).
49
Let t(w) = -w - 20. Determine t(0).
-20
Let i(y) = -y**2 + 15. Give i(0).
15
Let c(k) = 2*k + 43. Determine c(-18).
7
Let n(a) = a + 6. Determine n(3).
9
Let x(f) = 2*f**2 - 13*f + 3. Calculate x(7).
10
Let y(n) = -3*n + 68. What is y(21)?
5
Let h(t) = 3*t**2 - 8*t - 3. Determine h(6).
57
Let s(t) = t**2 - 6*t - 35. Give s(-6).
37
Let g(l) = 9*l + 32. Calculate g(-3).
5
Let f(q) = -20*q. Determine f(1).
-20
Let n(o) = o**2 - 15. What is n(-4)?
1
Let g(l) = 3*l - 8. What is g(6)?
10
Let b(g) = g**3 + 8*g**2 - 18*g - 21. Determine b(-9).
60
Let c(w) = w**2 - 9*w + 7. Calculate c(8).
-1
Let f(r) = r**3 + 7*r**2 + 3*r - 10. Give f(-5).
25
Let r(w) = -2*w**3 + 2*w + 1. What is r(2)?
-11
Let u(d) = 2*d**3 - 4*d**2 + 2*d - 2. Give u(2).
2
Let y(z) = 12*z + 13. Calculate y(11).
145
Let i(t) = -3*t**3 + 10*t**2 + 4*t - 1. Determine i(4).
-17
Let h(b) = -b - 3. Calculate h(-5).
2
Let a(r) = 9*r + 417. Give a(-46).
3
Let a(f) = 2*f + 3. What is a(-4)?
-5
Let v(n) = -13*n - 57. Calculate v(-4).
-5
Let x(v) = 17*v + 166. Give x(-9).
13
Let n(o) = 3*o**2 - 19*o + 47. What is n(5)?
27
Let t(y) = 35*y**2 - y + 1. What is t(1)?
35
Let k(i) = -i**3 - 9*i**2 - 2*i + 12. Calculate k(-8).
-36
Let i(t) = -9*t. Determine i(1).
-9
Let z(v) = -v**3 - 2*v**2 + 3*v - 5. Calculate z(2).
-15
Let p(r) = -r**2 + 3*r + 3. Determine p(-4).
-25
Let x(b) = 21*b + 119. Give x(-6).
-7
Let a(c) = -c**2 + 9*c - 17. Determine a(2).
-3
Let x(n) = 65*n + 205. What is x(-3)?
10
Let k(d) = -d**2 + 20. Determine k(-4).
4
Let j(p) = -p**3 + 8*p**2 - 3*p - 12. What is j(7)?
16
Let y(f) = f**3 + 7*f**2 + 12*f + 29. Determine y(-6).
-7
Let p(a) = -3*a**2 - 10*a + 7. Calculate p(1).
-6
Let k(z) = z**2 + 6*z - 156. Determine k(-16).
4
Let r(j) = j**3 - 9*j**2 + j - 11. Determine r(9).
-2
Let w(s) = 3*s**2 - 18*s + 12. Calculate w(7).
33
Let p(f) = 2*f - 1. Calculate p(-7).
-15
Let d(r) = -15*r - 3. Calculate d(-2).
27
Let u(p) = p**2 - 11*p + 2. Give u(6).
-28
Let i(g) = 21*g + 118. Determine i(-6).
-8
Let l(t) = 2*t**3 + 10*t**2 - 18*t - 96. Calculate l(-5).
-6
Let x(h) = 5*h**2 - 1. Calculate x(-1).
4
Let y(o) = -o**2 - 8*o + 16. What is y(-10)?
-4
Let l(n) = n**2 + 11*n - 13. Determine l(-12).
-1
Let v(q) = -85*q + 7. Calculate v(2).
-163
Let m(u) = u**3 + 2*u**2 - u + 31. Give m(-4).
3
Let f(h) = 8*h - 54. Give f(7).
2
Let d(m) = -m**3 - m**2 + 3*m + 7. Determine d(0).
7
Let p(g) = -25*g**3 + 2*g - 2. What 